e the prime factors of 819?
3, 7, 13
What are the prime factors of 113103?
3, 59, 71
What are the prime factors of 20712?
2, 3, 863
List the prime factors of 25724.
2, 59, 109
What are the prime factors of 392?
2, 7
What are the prime factors of 113057?
7, 31, 521
What are the prime factors of 75?
3, 5
List the prime factors of 1522.
2, 761
What are the prime factors of 1112?
2, 139
What are the prime factors of 48955?
5, 9791
What are the prime factors of 824?
2, 103
List the prime factors of 5516.
2, 7, 197
What are the prime factors of 5535?
3, 5, 41
List the prime factors of 27211.
27211
What are the prime factors of 12837?
3, 11, 389
List the prime factors of 658.
2, 7, 47
What are the prime factors of 41319?
3, 4591
List the prime factors of 3682.
2, 7, 263
What are the prime factors of 1477?
7, 211
What are the prime factors of 519?
3, 173
What are the prime factors of 731?
17, 43
What are the prime factors of 1478?
2, 739
What are the prime factors of 1788?
2, 3, 149
List the prime factors of 143696.
2, 7, 1283
What are the prime factors of 44633?
44633
List the prime factors of 2320.
2, 5, 29
List the prime factors of 944.
2, 59
List the prime factors of 4903.
4903
What are the prime factors of 11685?
3, 5, 19, 41
List the prime factors of 83635.
5, 43, 389
What are the prime factors of 302?
2, 151
What are the prime factors of 9391?
9391
What are the prime factors of 1863?
3, 23
What are the prime factors of 11773?
61, 193
What are the prime factors of 1514?
2, 757
What are the prime factors of 13749?
3, 4583
What are the prime factors of 2401?
7
List the prime factors of 26865.
3, 5, 199
What are the prime factors of 12296?
2, 29, 53
What are the prime factors of 2576?
2, 7, 23
List the prime factors of 1800.
2, 3, 5
List the prime factors of 1784.
2, 223
List the prime factors of 1469.
13, 113
What are the prime factors of 8066?
2, 37, 109
List the prime factors of 50130.
2, 3, 5, 557
List the prime factors of 78174.
2, 3, 43, 101
List the prime factors of 179.
179
List the prime factors of 617.
617
List the prime factors of 642.
2, 3, 107
List the prime factors of 13603.
61, 223
What are the prime factors of 87025?
5, 59
List the prime factors of 3955.
5, 7, 113
What are the prime factors of 73479?
3, 7, 3499
List the prime factors of 53115.
3, 5, 3541
List the prime factors of 774.
2, 3, 43
What are the prime factors of 15891?
3, 5297
What are the prime factors of 13617?
3, 17, 89
What are the prime factors of 12893?
12893
What are the prime factors of 2643?
3, 881
List the prime factors of 20945.
5, 59, 71
List the prime factors of 9013.
9013
What are the prime factors of 11209?
11, 1019
What are the prime factors of 6575?
5, 263
List the prime factors of 6301.
6301
List the prime factors of 131071.
131071
List the prime factors of 41979.
3, 7, 1999
What are the prime factors of 1447?
1447
What are the prime factors of 7090?
2, 5, 709
What are the prime factors of 3328?
2, 13
What are the prime factors of 9697?
9697
What are the prime factors of 3883?
11, 353
List the prime factors of 53150.
2, 5, 1063
What are the prime factors of 4391?
4391
List the prime factors of 368.
2, 23
List the prime factors of 23122.
2, 11, 1051
List the prime factors of 850.
2, 5, 17
List the prime factors of 45435.
3, 5, 13, 233
List the prime factors of 66068.
2, 83, 199
List the prime factors of 1068.
2, 3, 89
What are the prime factors of 1336?
2, 167
What are the prime factors of 51159?
3, 17053
List the prime factors of 2884.
2, 7, 103
What are the prime factors of 1951?
1951
List the prime factors of 71.
71
What are the prime factors of 492?
2, 3, 41
List the prime factors of 29420.
2, 5, 1471
What are the prime factors of 4096?
2
List the prime factors of 2071.
19, 109
What are the prime factors of 988?
2, 13, 19
List the prime factors of 1257.
3, 419
What are the prime factors of 5610?
2, 3, 5, 11, 17
List the prime factors of 8898.
2, 3, 1483
List the prime factors of 8150.
2, 5, 163
List the prime factors of 1125.
3, 5
List the prime factors of 1038.
2, 3, 173
List the prime factors of 115846.
2, 57923
What are the prime factors of 1277?
1277
What are the prime factors of 239?
239
What are the prime factors of 76392?
2, 3, 1061
List the prime factors of 32636.
2, 41, 199
List the prime factors of 14507.
89, 163
What are the prime factors of 10962?
2, 3, 7, 29
What are the prime factors of 2189?
11, 199
List the prime factors of 1212.
2, 3, 101
List the prime factors of 2206.
2, 1103
List the prime factors of 5633.
43, 131
What are the prime factors of 11345?
5, 2269
List the prime factors of 49517.
13, 293
What are the prime factors of 71726?
2, 35863
What are the prime factors of 23380?
2, 5, 7, 167
List the prime factors of 643.
643
What are the prime factors of 5290?
2, 5, 23
What are the prime factors of 849?
3, 283
What are the prime factors of 1595?
5, 11, 29
What are the prime factors of 5438?
2, 2719
List the prime factors of 792.
2, 3, 11
List the prime factors of 20388.
2, 3, 1699
What are the prime factors of 8628?
2, 3, 719
List the prime factors of 58003.
11, 5273
What are the prime factors of 55?
5, 11
List the prime factors of 94.
2, 47
What are the prime factors of 94220?
2, 5, 7, 673
List the prime factors of 10617.
3, 3539
List the prime factors of 10115.
5, 7, 17
List the prime factors of 2329.
17, 137
List the prime factors of 6486.
2, 3, 23, 47
List the prime factors of 49063.
7, 43, 163
What are the prime factors of 76288?
2, 149
What are the prime factors of 2486?
2, 11, 113
What are the prime factors of 328?
2, 41
List the prime factors of 803.
11, 73
List the prime factors of 17517.
3, 5839
What are the prime factors of 45489?
3, 59, 257
List the prime factors of 922.
2, 461
List the prime factors of 160.
2, 5
List the prime factors of 26157.
3, 8719
List the prime factors of 5413.
5413
List the prime factors of 1240.
2, 5, 31
What are the prime factors of 470?
2, 5, 47
List the prime factors of 2033.
19, 107
List the prime factors of 4997.
19, 263
What are the prime factors of 571?
571
List the prime factors of 234.
2, 3, 13
What are the prime factors of 9973?
9973
What are the prime factors of 2615?
5, 523
List the prime factors of 102292.
2, 107, 239
List the prime factors of 87232.
2, 29, 47
What are the prime factors of 1127?
7, 23
List the prime factors of 579.
3, 193
List the prime factors of 29766.
2, 3, 11, 41
What are the prime factors of 7620?
2, 3, 5, 127
List the prime factors of 819.
3, 7, 13
List the prime factors of 12458.
2, 6229
What are the prime factors of 997?
997
List the prime factors of 3503.
31, 113
List the prime factors of 4001.
4001
List the prime factors of 1492.
2, 373
List the prime factors of 1553.
1553
List the prime factors of 17575.
5, 19, 37
What are the prime factors of 21035?
5, 7, 601
What are the prime factors of 301?
7, 43
List the prime factors of 33501.
3, 13, 859
List the prime factors of 1327.
1327
What are the prime factors of 1379?
7, 197
What are the prime factors of 134?
2, 67
List the prime factors of 24545.
5, 4909
What are the prime factors of 3929?
3929
What are the prime factors of 1685?
5, 337
What are the prime factors of 25?
5
What are the prime factors of 23266?
2, 11633
What are the prime factors of 965?
5, 193
List the prime factors of 2535.
3, 5, 13
List the prime factors of 8841.
3, 7, 421
List the prime factors of 781.
11, 71
List the prime factors of 10244.
2, 13, 197
What are the prime factors of 9567?
3, 1063
List the prime factors of 1126.
2, 563
What are the prime factors of 66883?
66883
List the prime factors of 345.
3, 5, 23
What are the prime factors of 9089?
61, 149
What are the prime factors of 2824?
2, 353
What are the prime factors of 47504?
2, 2969
List the prime factors of 8663.
8663
What are the prime factors of 1278?
2, 3, 71
What are the prime factors of 2530?
2, 5, 11, 23
List the prime factors of 890.
2, 5, 89
What are the prime factors of 21922?
2, 97, 113
What are the prime factors of 697?
17, 41
List the prime factors of 4166.
2, 2083
List the prime factors of 22761.
3, 281
What are the prime factors of 4638?
2, 3, 773
List the prime factors of 11578.
2, 7, 827
List the prime factors of 513.
3, 19
List the prime factors of 282